{"id":2,"date":"2014-06-30T16:52:48","date_gmt":"2014-06-30T16:52:48","guid":{"rendered":"http:\/\/sicinformatica.com.br\/site\/?page_id=2"},"modified":"2018-06-07T11:46:42","modified_gmt":"2018-06-07T14:46:42","slug":"empresa","status":"publish","type":"page","link":"https:\/\/sicinformatica.com.br\/site\/empresa\/","title":{"rendered":"Empresa"},"content":{"rendered":"<p style=\"text-align: justify;\">A <strong><span style=\"color: #ff0000;\">SIC<\/span> Inform\u00e1tica<\/strong> \u00e9 uma empresa que atua na \u00e1rea de inform\u00e1tica, voltada principalmente para assist\u00eancia t\u00e9cnica de computadores, monitores, no-breaks, terminais de v\u00eddeo, impressoras, contratos de manuten\u00e7\u00e3o preventiva e corretiva, projetos e instala\u00e7\u00e3o de redes e assessoria na aquisi\u00e7\u00e3o de equipamentos novos e usados.<\/p>\n<p>Hist\u00f3ria:<\/p>\n<p style=\"text-align: justify;\">Em 29 de maio de 2001 a <strong><span style=\"color: #ff0000;\">SIC<\/span> Inform\u00e1tica<\/strong> surgiu de uma ideia partilhada por amigos. Entre os s\u00f3cios estava Henrico, de esp\u00edrito empreendedor e certo de suas ideias para o setor, reformulou a empresa. Em agosto de 2002, de novo endere\u00e7o e nova s\u00f3cia (Fernanda), a <strong>SIC Inform\u00e1tica<\/strong> tornou-se uma empresa familiar e passou a dispor de uma nova filosofia: Solu\u00e7\u00e3o gera confian\u00e7a!<\/p>\n<p>A <strong><span style=\"color: #ff0000;\">SIC<\/span> Inform\u00e1tica<\/strong> faz a diferen\u00e7a. Nossos Clientes notam o diferencial no atendimento e solu\u00e7\u00f5es apresentadas.<\/p>\n<p style=\"text-align: justify;\">Na busca por excel\u00eancia conquistamos a confian\u00e7a neste segmento que \u00e9 cercado por grandes mitos e servi\u00e7os duvidosos. Em consequ\u00eancia do trabalho realizado atrav\u00e9s destes anos construimos uma carteira de Clientes Fi\u00e9is que validam todo o nosso empenho e dedica\u00e7\u00e3o.<\/p>\n<p>Nossos valores:<\/p>\n<ul>\n<li>Confian\u00e7a<\/li>\n<li>Solu\u00e7\u00e3o<\/li>\n<li>Excel\u00eancia<\/li>\n<\/ul>\n<p>A inform\u00e1tica evolui a uma velocidade espantosa. Constantemente, surgem novidades e uma empresa que oferece servi\u00e7os de qualidade tem que estar sempre atualizada para oferecer o melhor a seus clientes. Dispomos da melhor forma de manter sua \u00e1rea de inform\u00e1tica sempre otimizada e operante.<\/p>\n<p>Conhe\u00e7a nossos servi\u00e7os e trabalhe com uma equipe experiente e atenciosa.<\/p>\n<p>&nbsp;<\/p>\n<p>&nbsp;<\/p>\n<p>&nbsp;<\/p>\n<p>&nbsp;<\/p>\n<p>&nbsp;<\/p>\n<p>&nbsp;<\/p>\n","protected":false},"excerpt":{"rendered":"<p>A SIC Inform\u00e1tica \u00e9 uma empresa que atua na \u00e1rea de inform\u00e1tica, voltada principalmente para assist\u00eancia t\u00e9cnica de computadores, monitores, no-breaks, terminais de v\u00eddeo, impressoras, contratos de manuten\u00e7\u00e3o preventiva e corretiva, projetos e instala\u00e7\u00e3o de redes e assessoria na aquisi\u00e7\u00e3o de equipamentos novos e usados&#8230;.<\/p>\n","protected":false},"author":1,"featured_media":0,"parent":0,"menu_order":0,"comment_status":"closed","ping_status":"closed","template":"","meta":[],"_links":{"self":[{"href":"https:\/\/sicinformatica.com.br\/site\/wp-json\/wp\/v2\/pages\/2"}],"collection":[{"href":"https:\/\/sicinformatica.com.br\/site\/wp-json\/wp\/v2\/pages"}],"about":[{"href":"https:\/\/sicinformatica.com.br\/site\/wp-json\/wp\/v2\/types\/page"}],"author":[{"embeddable":true,"href":"https:\/\/sicinformatica.com.br\/site\/wp-json\/wp\/v2\/users\/1"}],"replies":[{"embeddable":true,"href":"https:\/\/sicinformatica.com.br\/site\/wp-json\/wp\/v2\/comments?post=2"}],"version-history":[{"count":5,"href":"https:\/\/sicinformatica.com.br\/site\/wp-json\/wp\/v2\/pages\/2\/revisions"}],"predecessor-version":[{"id":3448,"href":"https:\/\/sicinformatica.com.br\/site\/wp-json\/wp\/v2\/pages\/2\/revisions\/3448"}],"wp:attachment":[{"href":"https:\/\/sicinformatica.com.br\/site\/wp-json\/wp\/v2\/media?parent=2"}],"curies":[{"name":"wp","href":"https:\/\/api.w.org\/{rel}","templated":true}]}}